. Let p(r) = r**2 + 4*r + 2. Let h be p(i). What is the tens digit of 16 + 0 - 3 - h?
1
Let r be 2 + ((-6)/(-2))/(-3). Let s(l) = 12*l**2 + 2*l - 1. Let m be s(r). Suppose 11 = 4*u - m. What is the units digit of u?
6
Suppose 3*z - 1 = 4*z. Let b be z/((-16)/(-6) - 3). Suppose u - 35 = -u + b*v, -u = 3*v - 13. What is the units digit of u?
6
Suppose 3*t + u = -0*t + 1204, -5*t + 1988 = -3*u. Suppose -16*y + t = -11*y. What is the tens digit of y?
8
Let q be 99/(-3)*(-9 + -1). Let u be q/9*(-9)/(-6). Suppose u - 11 = 4*b. What is the tens digit of b?
1
What is the units digit of 185*(-3 + 4)/((-5)/(-3))?
1
Let x be (1 + -12)*(2 + -3). Let t = -13 + x. Let b = 38 + t. What is the units digit of b?
6
Let x = 3 + -1. Let z be 12/(-1)*(-1)/x. What is the units digit of 942/30 - z/(-10)?
2
Let i(k) be the first derivative of -k**2/2 + 50*k + 10. What is the tens digit of i(0)?
5
Suppose 4*t + 12 = 0, -12*y + 8*y + 5*t + 1775 = 0. What is the units digit of y?
0
Let t = -738 + 3379. What is the thousands digit of t?
2
Let j = -159 - -208. What is the units digit of j?
9
Let m(l) = 3*l**2 + 6*l - 3. What is the units digit of m(12)?
1
Suppose -5*x - 33 = -43. Suppose x*d - 145 = 203. What is the tens digit of d?
7
Let g = 527 + 964. What is the thousands digit of g?
1
Let o(g) = g**3 - 15*g**2 - 16. Let r be o(15). What is the units digit of (r - -15)/((-2)/58)?
9
Suppose -3*b + 0 - 1 = -4*z, 0 = -2*b - 2*z + 18. Suppose -5*m = -2*d - 208, -b*d - 141 - 22 = -4*m. Let q = -28 + m. What is the units digit of q?
4
Let d(y) = -2*y + 5. Let n be d(2). Suppose 3*g - n = 14. What is the units digit of g?
5
Let s(c) = 32*c**2 - c - 28. What is the tens digit of s(-4)?
8
Let l(n) = 24*n**3 - 2*n**2 + 11*n - 42. What is the tens digit of l(4)?
0
Suppose -2*m = 4*u - 14, 0*u = -5*m + u + 24. Suppose m*v - 136 = -3*w + 114, 2*w - 149 = -3*v. What is the tens digit of v?
5
Suppose 9*k - 22 = 86. Let v = 132 - k. What is the units digit of v?
0
Suppose -3*b + 45 = 3*w, 2*b - 1 = -3*w + 34. Let d(r) = -5*r**2 + 2 - 4 - r**3 + b*r + 3. What is the tens digit of d(-7)?
2
Let q(d) = -d**3 + 6*d**2 + 7. Let n be (-60)/(-45)*9/2. Let u be q(n). What is the tens digit of 10/35 + 96/u?
1
Suppose 4*r + 2*s = -54, -5*r - 29 - 40 = 3*s. Let c = r + 38. What is the tens digit of c?
2
Let f(k) = -k**3 + 11*k**2 - 9*k + 5. What is the tens digit of f(10)?
1
Suppose -15*w + 32 = -328. Let u(c) = -c**2 + 32*c + 31. What is the hundreds digit of u(w)?
2
Let i(r) = -5*r + 6. Let p(w) = -11*w + 11. Let z(m) = -9*i(m) + 4*p(m). Let o be z(10). What is the units digit of 2 + 29 + -1 - o?
0
Let q(g) = 4 - 2*g + g - 12*g**2 + g**3 + 10. Let y be q(12). Suppose y*v - 15 = -4*a + 9, v - 3*a = 17. What is the tens digit of v?
1
Let d(x) be the second derivative of x**3/3 - 3*x**2/2 + 2*x. Let r be d(9). Let w = -6 + r. What is the units digit of w?
9
Suppose 0*i = -38*i + 17670. What is the tens digit of i?
6
Let l be 8/(-3) - (-1)/(-3). Let v be l/(((-12)/16)/1). Suppose -v*r = -5*r + 20. What is the tens digit of r?
2
Let w(r) = 5*r**2 + 15*r - 6. Let b(k) = 3*k**2 + 10*k - 4. Let u(n) = -7*b(n) + 5*w(n). Let h be u(5). What is the tens digit of h/5 + 2/5?
2
Let p = 1155 - 495. Suppose 880 = 3*d + d - 5*z, -p = -3*d + 5*z. What is the tens digit of d?
2
Suppose 2*n + 0 = -5*f - 19, -n - 7 = 2*f. Let b = 71 + -67. Suppose -r + n*x = 1, r - 6 = -b*r + 4*x. What is the units digit of r?
2
Suppose 0 = -b + 34 + 96. Let z = -2 + 6. Suppose 38 + b = z*x. What is the tens digit of x?
4
Let j(o) = -o - 10. Let s be j(-12). Let r be (s*8)/(6 - 5). Suppose -5*f + 124 = -b, 0 = -5*b - 4 - r. What is the units digit of f?
4
Let y(x) = x**2 + 9*x + 12. Suppose -3*h + i - 3 = 0, 2*h + 3*i - 5*i - 2 = 0. Let n be h/(-6) - 308/33. What is the units digit of y(n)?
2
Suppose z = 3*k - 11, -3*k = -5*k + 4*z + 4. Suppose 10 = 3*u - k*u - 4*b, 2*u - 1 = -b. Let i = u - -2. What is the units digit of i?
4
Let y(b) = 4*b**2 + 313*b - 12. What is the units digit of y(11)?
5
Suppose -434 - 202 = -4*p. Suppose -3 - p = -3*o. What is the units digit of o?
4
Let g = 368 - 72. What is the units digit of g?
6
Let p be 5 - (-2)/(2/(-9)). Let h(x) = 10*x**2 + 19*x + 5. What is the tens digit of h(p)?
8
Let d(x) = -2 - 5*x + 0*x - x**3 + 0*x + x + 9*x**2. Let w be d(8). Let v = w - 16. What is the tens digit of v?
1
Let o = 139 - 86. What is the tens digit of o?
5
Suppose 4*t + 17 = f, -f + 11 = -3*t - 7. Suppose r + 2*z = 21, -15 = -4*r + 4*z + f. Suppose -8*n - 15 = -r*n. What is the units digit of n?
3
Suppose 156 + 228 = -3*a. What is the units digit of (a*1/(-7) - 2)*7?
4
Suppose 17 - 2 = 5*r, 3*n - 357 = -4*r. Suppose 2*y = 367 + n. What is the units digit of y?
1
Suppose 4*u + 4*p = 8*p + 1436, -2*u + p = -717. What is the units digit of u?
8
Suppose -6*r = -143 + 71. What is the tens digit of r?
1
Let o = 415 - 288. Let a(y) = y**3 - 8*y**2 + 8*y - 2. Let u be a(7). Suppose u*j - 72 = 3*f + o, 3*f - 6 = 0. What is the tens digit of j?
4
Suppose 0 = -a - 3*f + 4, -7 = -3*a - 2*f + 5. Suppose -7*z + 1705 = a*z. What is the hundreds digit of z?
1
Suppose -6*h + 34 = -4*h. Let x(l) = l**3 - 4 + h*l - 22*l**2 + 6*l**2 + 12. What is the units digit of x(15)?
8
What is the hundreds digit of ((-8)/(-4))/(-4)*(-5 + -8499)?
2
Suppose -11 + 9 = -o. Suppose a = 5*v - 344, -v + o*a - 20 = -96. What is the tens digit of v?
6
Suppose -4*f = -213 - 39. What is the tens digit of f?
6
Let x be (-138)/(-14) + 4/28. Suppose x*z = 14*z - 164. Suppose 3*u = m + 65, -3*m - z = -2*u - 0*m. What is the tens digit of u?
2
Suppose 5*r + 1014 = 3*a - 0*a, -5*a + 1690 = r. Suppose -v + 94 = -0*d - 5*d, 4*v - d = a. Suppose 0 = -4*g - 0*g + v. What is the tens digit of g?
2
Let n = -110 + 262. Let a = 438 - n. What is the hundreds digit of a?
2
Let r = 2428 - 706. What is the hundreds digit of r?
7
Let j(b) = 45*b**2 + 4*b + 17. What is the hundreds digit of j(-3)?
4
Let c be 4/26 + -1401*4/(-78). Suppose 10*u - 1098 = c. What is the tens digit of u?
1
Let d(c) = -c**2 - 4*c - 3. Let g be d(-6). Let o = -13 - g. Suppose o*l - 5 = -1. What is the units digit of l?
2
Suppose -8841 = -4*m + b + 4*b, 0 = 2*m - 4*b - 4428. What is the tens digit of m?
0
Let o be 1/((3/(-35))/(-3)). Let q = 47 - o. What is the tens digit of q?
1
Let y(b) be the first derivative of 10*b**3/3 - 4*b**2 + 4*b - 3. What is the tens digit of y(3)?
7
Let x(h) be the first derivative of h**4/4 - 10*h**3/3 + h**2/2 - 3*h - 5. Let j be x(10). Suppose -4*v = -j*v + 45. What is the units digit of v?
5
What is the units digit of 1/21 - (-5350616)/1218?
3
Let r(d) = 6*d**3 - 2*d**2 + 10*d - 27. What is the tens digit of r(5)?
2
Let m = -10973 + 19321. Suppose 19*t = m - 2173. What is the hundreds digit of t?
3
What is the hundreds digit of 1 - -11 - (-138)/(-23) - -2884?
8
What is the hundreds digit of 497/3 + ((-42)/18)/(-7)?
1
Let y = 313 + -163. Let g = y - 69. Let i = -34 + g. What is the tens digit of i?
4
Let i(y) = -y**3 - 5*y**2 + 5*y - 7. Let d be i(-6). Let w(l) = 2*l**2 - l - 1. Let m be w(d). Suppose r - 30 = -m*r. What is the tens digit of r?
1
Suppose -3*u + 2*o = -609, 4*o - 203 = -3*u + 2*u. Suppose u*f = 206*f - 57. What is the tens digit of f?
1
Let z(j) = 17*j**2. Let d(n) = -35*n**2 - n. Let o(w) = -3*d(w) - 5*z(w). What is the units digit of o(-2)?
4
Let x = 85 - 83. Suppose -4*a - 2*r + 666 = 0, -5*a - 161 + 989 = -x*r. What is the tens digit of a?
6
Suppose 3*i - 24 = 60. Suppose f + i = 5*j + 8, 0 = -3*j - 4*f - 11. Suppose 4*b + 0*b - 90 = -2*m, -j*b = m - 42. What is the units digit of m?
1
Let t = 44 - 46. What is the tens digit of (-205)/(-3 - 2) - t?
4
Suppose -d + 77 = -241. Let o = -187 + d. What is the units digit of o?
1
Suppose 61 = -4*y - 63. Let n = -26 - y. What is the units digit of n?
5
Let m(a) = 12*a + 296. What is the hundreds digit of m(32)?
6
Let h(s) = 3*s**2 - 4*s**2 + s - 3*s**2 - 2*s**3 - 5 + 0*s**3. What is the units digit of h(-4)?
5
Suppose 0 = 42*u - 35*u - 210. What is the units digit of u?
0
Let g be 3/5 - (-117)/(-45). Let j be 3 - (g + 3)/1. Suppose -f + 48 = j*f. What is the tens digit of f?
1
What is the hundreds digit of ((-6)/4*(-1556)/6)/1?
3
Let m = 46 - 42. Suppose 0 = -m*x + 16, 0*i - 4*x - 5 = -i. What is the 